2 is divided by 42.
12
Calculate the remainder when 140 is divided by 128.
12
What is the remainder when 521 is divided by 33?
26
Calculate the remainder when 7565 is divided by 13.
12
What is the remainder when 7585 is divided by 14?
11
What is the remainder when 4354 is divided by 181?
10
Calculate the remainder when 359 is divided by 9.
8
Calculate the remainder when 1131 is divided by 14.
11
What is the remainder when 959 is divided by 192?
191
Calculate the remainder when 555 is divided by 44.
27
Calculate the remainder when 133 is divided by 117.
16
What is the remainder when 334 is divided by 21?
19
What is the remainder when 10407 is divided by 29?
25
What is the remainder when 33 is divided by 15?
3
Calculate the remainder when 378 is divided by 10.
8
What is the remainder when 127 is divided by 8?
7
What is the remainder when 482 is divided by 118?
10
Calculate the remainder when 195 is divided by 6.
3
What is the remainder when 116 is divided by 112?
4
What is the remainder when 3637 is divided by 91?
88
What is the remainder when 310 is divided by 80?
70
What is the remainder when 361 is divided by 74?
65
What is the remainder when 1490 is divided by 6?
2
Calculate the remainder when 46 is divided by 16.
14
Calculate the remainder when 1286 is divided by 56.
54
Calculate the remainder when 1572 is divided by 13.
12
Calculate the remainder when 7893 is divided by 141.
138
Calculate the remainder when 210 is divided by 37.
25
Calculate the remainder when 2542 is divided by 12.
10
Calculate the remainder when 18952 is divided by 6.
4
Calculate the remainder when 73 is divided by 11.
7
Calculate the remainder when 813 is divided by 19.
15
What is the remainder when 16364 is divided by 12?
8
What is the remainder when 87 is divided by 44?
43
Calculate the remainder when 873 is divided by 85.
23
Calculate the remainder when 598 is divided by 121.
114
What is the remainder when 32 is divided by 12?
8
What is the remainder when 687 is divided by 214?
45
Calculate the remainder when 1389 is divided by 20.
9
What is the remainder when 7244 is divided by 45?
44
What is the remainder when 123 is divided by 33?
24
Calculate the remainder when 1153 is divided by 377.
22
Calculate the remainder when 3412 is divided by 25.
12
Calculate the remainder when 1888 is divided by 189.
187
Calculate the remainder when 530 is divided by 257.
16
What is the remainder when 177 is divided by 84?
9
What is the remainder when 1026 is divided by 12?
6
What is the remainder when 19373 is divided by 6?
5
Calculate the remainder when 49 is divided by 13.
10
What is the remainder when 3312 is divided by 368?
0
What is the remainder when 158 is divided by 15?
8
Calculate the remainder when 10 is divided by 7.
3
Calculate the remainder when 85 is divided by 22.
19
Calculate the remainder when 586 is divided by 44.
14
What is the remainder when 983 is divided by 257?
212
Calculate the remainder when 5231 is divided by 24.
23
Calculate the remainder when 2317 is divided by 43.
38
Calculate the remainder when 1665 is divided by 1628.
37
Calculate the remainder when 190 is divided by 12.
10
Calculate the remainder when 223 is divided by 38.
33
What is the remainder when 138 is divided by 43?
9
Calculate the remainder when 474 is divided by 25.
24
Calculate the remainder when 1316 is divided by 166.
154
What is the remainder when 293 is divided by 7?
6
Calculate the remainder when 1363 is divided by 44.
43
What is the remainder when 275 is divided by 93?
89
What is the remainder when 326 is divided by 35?
11
Calculate the remainder when 277 is divided by 48.
37
Calculate the remainder when 128 is divided by 11.
7
What is the remainder when 133 is divided by 15?
13
Calculate the remainder when 593 is divided by 328.
265
What is the remainder when 1513 is divided by 15?
13
What is the remainder when 1457 is divided by 21?
8
Calculate the remainder when 103 is divided by 21.
19
What is the remainder when 12042 is divided by 165?
162
What is the remainder when 4544 is divided by 190?
174
What is the remainder when 116 is divided by 104?
12
What is the remainder when 308 is divided by 83?
59
Calculate the remainder when 6518 is divided by 28.
22
What is the remainder when 656 is divided by 3?
2
What is the remainder when 3688 is divided by 30?
28
Calculate the remainder when 698 is divided by 79.
66
What is the remainder when 1418 is divided by 79?
75
What is the remainder when 469 is divided by 31?
4
What is the remainder when 4491 is divided by 641?
4
Calculate the remainder when 6 is divided by 4.
2
What is the remainder when 89 is divided by 28?
5
Calculate the remainder when 416 is divided by 40.
16
What is the remainder when 142 is divided by 48?
46
What is the remainder when 850 is divided by 71?
69
What is the remainder when 4608 is divided by 2302?
4
What is the remainder when 64 is divided by 17?
13
What is the remainder when 1082 is divided by 6?
2
What is the remainder when 734 is divided by 21?
20
Calculate the remainder when 62 is divided by 60.
2
What is the remainder when 2673 is divided by 245?
223
What is the remainder when 284 is divided by 32?
28
Calculate the remainder when 14 is divided by 4.
2
What is the remainder when 670 is divided by 102?
58
Calculate the remainder when 661 is divided by 23.
17
Calculate the remainder when 5300 is divided by 12.
8
What is the remainder when 254 is divided by 17?
16
Calculate the remainder when 581 is divided by 74.
63
What is the remainder when 355 is divided by 84?
19
What is the remainder when 198 is divided by 55?
33
Calculate the remainder when 2638 is divided by 60.
58
What is the remainder when 59 is divided by 49?
10
Calculate the remainder when 303 is divided by 34.
31
Calculate the remainder when 189 is divided by 24.
21
Calculate the remainder when 19117 is divided by 40.
37
What is the remainder when 1361 is divided by 11?
8
What is the remainder when 2469 is divided by 34?
21
Calculate the remainder when 145 is divided by 42.
19
What is the remainder when 1016 is divided by 258?
242
Calculate the remainder when 93 is divided by 49.
44
What is the remainder when 64 is divided by 13?
12
What is the remainder when 131 is divided by 94?
37
Calculate the remainder when 304 is divided by 129.
46
What is the remainder when 1860 is divided by 16?
4
Calculate the remainder when 135 is divided by 7.
2
Calculate the remainder when 40 is divided by 31.
9
What is the remainder when 655 is divided by 76?
47
What is the remainder when 83 is divided by 28?
27
Calculate the remainder when 129 is divided by 44.
41
Calculate the remainder when 617 is divided by 6.
5
Calculate the remainder when 231 is divided by 49.
35
Calculate the remainder when 110 is divided by 85.
25
Calculate the remainder when 27 is divided by 5.
2
Calculate the remainder when 733 is divided by 49.
47
What is the remainder when 691 is divided by 29?
24
Calculate the remainder when 43 is divided by 15.
13
What is the remainder when 238 is divided by 16?
14
What is the remainder when 546 is divided by 92?
86
What is the remainder when 341 is divided by 113?
2
What is the remainder when 37 is divided by 31?
6
What is the remainder when 172 is divided by 35?
32
Calculate the remainder when 1679 is divided by 11.
7
Calculate the remainder when 270 is divided by 45.
0
Calculate the remainder when 244 is divided by 49.
48
Calculate the remainder when 691 is divided by 101.
85
What is the remainder when 49 is divided by 5?
4
What is the remainder when 787 is divided by 24?
19
What is the remainder when 1635 is divided by 3?
0
What is the remainder when 161 is divided by 32?
1
Calculate the remainder when 84 is divided by 72.
12
What is the remainder when 122 is divided by 57?
8
Calculate the remainder when 138 is divided by 30.
18
What is the remainder when 116 is divided by 40?
36
Calculate the remainder when 471 is divided by 234.
3
What is the remainder when 347 is divided by 25?
22
What is the remainder when 308 is divided by 103?
102
Calculate the remainder when 48 is divided by 27.
21
Calculate the remainder when 26 is divided by 19.
7
Calculate the remainder when 116 is divided by 27.
8
Calculate the remainder when 399 is divided by 342.
57
What i